. Calculate the highest common factor of t and 210.
21
Suppose 212 = -3*v - 361. Let r = -127 - v. What is the highest common divisor of r and 160?
32
Let k be (2 + (2 - 1))*1. Let n be (36/15)/(k/15). What is the greatest common divisor of n and 96?
12
Suppose -4*t - 2*q = -2, 2*q = 2*t + t - 5. What is the greatest common factor of 1 and t?
1
Let j be 26/7 - (-2)/7. Let f(c) = -5*c - 16. Let s be f(-12). What is the highest common divisor of j and s?
4
Let l = 3 + 0. Suppose -n + l = -2*h + 12, -2*h - n = -7. Calculate the highest common factor of 16 and h.
4
Let s(c) = c**2 + c - 2. Let o be s(-2). Suppose u + u - 6 = o. Let i be (9 - -1)*(6 - u). What is the highest common factor of i and 15?
15
Let g(k) = -6*k + 3. Let n = -7 - -4. Let r be g(n). Let s = 84 + 0. What is the highest common factor of r and s?
21
Let n = 4 + -4. Suppose n = 4*l + l + 40. Let h be 0/(-1) + (-2 - l). What is the greatest common factor of 1 and h?
1
Suppose -m + 6 = 2, 2 = 3*n - 4*m. Calculate the greatest common factor of 3 and n.
3
Suppose -4*m + 22 = 5*k - m, 2*k + 4*m = 20. What is the greatest common factor of 8 and k?
2
Let z(f) = 22*f + 7. Let h be z(2). What is the highest common divisor of 3 and h?
3
Let y be (1 + 5)*252/54 - -4. Calculate the highest common factor of 16 and y.
16
Let z = -16 + 81. Let b(w) = -2*w - w - 1 + 0. Let m be b(-9). What is the highest common divisor of m and z?
13
Let f be (80/(-15))/(2/(-3)). Calculate the greatest common divisor of f and 88.
8
Let b be (-1)/(-2)*6/1. Suppose -5*h = -c - 9, -b*h - 4*c = -2*h + 15. What is the highest common factor of h and 1?
1
Let d(a) be the third derivative of -a**5/60 - 2*a**3 - 4*a**2. Let p be d(0). Let h be 24*(-3 - 51/p). What is the highest common factor of h and 10?
10
Let w(i) = 7*i - 38. Let j be w(6). Calculate the greatest common factor of 24 and j.
4
Let l = 1 - -1. Let q be 128/7 - l/7. Suppose 0 = -7*b + 1185 - 303. What is the greatest common divisor of q and b?
18
Let d(v) = -v**2 + v + 3. Let g be d(0). Suppose -q + g = 1. Calculate the highest common divisor of q and 22.
2
Suppose 2*p = -3*v + 30, -5*v = 4*p - 32 - 16. Let r be (-2922)/(-27) + 4/(-18). Calculate the greatest common factor of v and r.
12
Let o(v) = -v + 12. Let y be o(10). Calculate the greatest common divisor of 2 and y.
2
Suppose 5*u - 500 - 187 = -4*q, -5*q + 5*u = -825. Suppose -5*x + 4*z + q = 0, -z - 56 - 121 = -5*x. Calculate the greatest common divisor of x and 18.
18
Let u be (6 + -5)/((-1)/(-8)). What is the highest common factor of 232 and u?
8
Suppose 29 = 3*q - 31. What is the highest common factor of 160 and q?
20
Suppose 0 = -2*n + 5*k + 57, -4*n + 4*k + 25 + 59 = 0. Calculate the highest common divisor of n and 208.
16
Let w(h) = h**3 + 6*h**2 - 12*h - 16. Let s be w(-7). What is the greatest common factor of s and 76?
19
Let h(y) = 2*y - 3. Let x be h(2). Let o(q) = -5*q - 1. Let a be o(x). Let g = a - -13. Calculate the greatest common divisor of g and 63.
7
Let g = 35 - 11. Calculate the highest common factor of 24 and g.
24
Let p(r) = r**2 + 3*r. Let w be p(3). Calculate the greatest common divisor of w and 18.
18
Suppose 5 = c + 4*f, 2*c - 8 - 11 = f. Calculate the highest common divisor of c and 6.
3
Let q(j) = -3*j - 2*j - j**3 - 2 + 7*j**2 - j. Let x be q(6). Let v be x/4 - (-13)/2. What is the highest common divisor of 6 and v?
6
Let s(f) = f**3 - 3*f**2 + 8*f - 13. Let d be s(3). Calculate the greatest common divisor of 99 and d.
11
Let k(w) = -w**3 - 7*w**2 + 13*w + 7. Let l be k(-9). What is the greatest common factor of l and 52?
52
Let d(h) = 2*h**2 - 3*h - 2. Let y be d(-1). What is the highest common factor of y and 12?
3
Suppose -8 = 2*y + 2*v, 0 = -0*y - 5*y - 2*v - 5. What is the highest common divisor of y and 11?
1
Suppose g = -0*g + 13. Let c be ((-2 - -2)/1)/3. Suppose -4*j - j + 260 = c. What is the greatest common divisor of g and j?
13
Let u be ((-4)/(-2) + -4 + 3)*3. Let p be 4/(-2) - 94/(-2). Suppose 2*f + 2*i + 3 = p, -3*i - 57 = -2*f. Calculate the highest common factor of f and u.
3
Suppose 12*t + 36 = 16*t. Calculate the highest common factor of 18 and t.
9
Let j be (-37)/(-3) + (-1)/3. Suppose 5*s - q - 179 = 0, -j = 3*q - 0*q. Calculate the greatest common factor of 7 and s.
7
Let f = 26 - 13. Let x(m) = m - 2. Let t be x(3). Let r = f - t. What is the highest common divisor of 30 and r?
6
Let t = 9 + -3. Let z = t + 10. Calculate the highest common divisor of 8 and z.
8
Let a(i) = 5*i**2 - 2*i + 1. Let u be a(3). Calculate the highest common divisor of 20 and u.
20
Suppose -j + 2 = -20. Suppose -10*d = -9*d + 15. Let p = d + j. What is the greatest common factor of p and 49?
7
Let m(v) = 8*v + 6. Let b be m(-9). Let t = -2 - b. Suppose -i + t = 4*h, -4*h - 17 + 85 = 2*i. Calculate the highest common divisor of h and 30.
15
Let n be (-282)/42 - 4/14. Let o be -34*((-14)/2 + 0). Let q = n + o. Calculate the highest common divisor of 21 and q.
21
Let b(m) = -26*m - 2. Let s be b(-1). Calculate the highest common factor of s and 16.
8
Let k(c) be the second derivative of 17*c**3/6 - c**2/2 + c. Let z be k(-1). Let x = -3 - z. Calculate the greatest common divisor of x and 120.
15
Let m = -59 + 99. What is the highest common divisor of m and 40?
40
Suppose -15 = -4*d - 7. Let c be (-3 + 34)*d + 3. Calculate the greatest common divisor of c and 26.
13
Let m = -63 - -203. Calculate the highest common factor of 20 and m.
20
Suppose -42 = 2*n - 5*a, -3*n + 7*n = a - 48. Let j(x) = x**3 + 10*x**2 - 17*x - 11. Let r be j(n). What is the highest common divisor of 11 and r?
11
Let z = 15 + -1. Let s be (35/z)/((-1)/(-14)). Calculate the greatest common divisor of 7 and s.
7
Let p be 16/2*2/4. Let t be 39 + (-3 - -4) + p. Calculate the greatest common divisor of 110 and t.
22
Let j be (-10)/(-35) + 24/14. Suppose 0 = -4*g - 3*a + 13, 2*g - 2*a = -j*g + 38. What is the highest common factor of g and 14?
7
Let z be 2/6 + 3/(-9). Let h = 15 + -10. Suppose 4*s - 2 = h*g + 8, -g + 2 = z. What is the highest common divisor of s and 35?
5
Let h be ((-108)/3)/(-6 - -4). What is the highest common divisor of h and 2?
2
Let i(t) = -4 - t**2 + 4*t**2 + 0*t**2 + 8 + 9*t. Let c be (2/2*-7)/1. Let s be i(c). What is the highest common divisor of 11 and s?
11
Let x = 167 - 111. Calculate the greatest common divisor of x and 14.
14
Let n be (1/2*-2)/((-2)/14). What is the highest common divisor of 49 and n?
7
Let u be (-5 - -6) + 0/2. Suppose -4*q + 47 + u = 0. Calculate the highest common factor of q and 72.
12
Let w = 635 - 374. Let l = 49 - 20. Calculate the highest common factor of w and l.
29
Let b(t) = -t**2 - 9*t - 7. Let v be b(-8). Let z = v + -2. Let q = 5 + z. What is the highest common divisor of q and 8?
4
Let w be (-603)/(-45) - (-4)/(-10). Let k be w/((-10)/(-6) - 2). Let y = 60 - k. What is the greatest common factor of y and 11?
11
Suppose -6*v + 4*v = 0. Suppose -4*i + 3*g + 185 = -v*g, 4*i - 2*g - 182 = 0. Let m = -150 - -260. What is the highest common factor of i and m?
22
Let c(p) = -p**2 - 5*p + 7. Let v be c(-6). Suppose 0 = 3*n - z, -v = n - 2*z + 4. Calculate the highest common factor of 4 and n.
1
Suppose -3*a = -a + 6. Let m(k) = 2*k**2 - 2*k + 4. Let i be m(a). What is the highest common divisor of i and 4?
4
Suppose 14*t = 17*t - 234. Let a(r) = 4*r + 1. Let b be a(-1). Let h(k) = -3*k + 4. Let l be h(b). Calculate the highest common factor of l and t.
13
Let k be 28/16 + (-1)/(-4). Suppose -k*s = -4*s - 6, -x + s + 19 = 0. Calculate the highest common factor of x and 16.
16
Let l(w) = -3*w - 2. Let i be l(-4). Suppose 6*y = i*y - 52. What is the highest common factor of y and 104?
13
Let f be 792/55 + (-3)/(-5). Calculate the greatest common factor of f and 15.
15
Let i be 3/((-6)/4) - -9. Let k(s) = -2 - 2*s**3 - s + 13*s**2 - 14*s**2 - s. Let n be k(-2). What is the greatest common factor of i and n?
7
Suppose -12*q + 2304 = -4*q. What is the greatest common divisor of 32 and q?
32
Let r(x) be the third derivative of 9*x**4/4 - 7*x**3/6 - 2*x**2. Let a be r(4). What is the greatest common divisor of 19 and a?
19
Let y be (-2)/3 + (-23)/(-3). Suppose 2*u - 38 = 4*v, -5*v + 13 = 2*u - 4*v. Suppose -4*b = -u*b + 35. What is the greatest common facto